{"id":29,"date":"2022-12-04T17:42:10","date_gmt":"2022-12-04T17:42:10","guid":{"rendered":"https:\/\/aerofocale.com\/?page_id=29"},"modified":"2023-05-07T14:32:50","modified_gmt":"2023-05-07T14:32:50","slug":"mentions-legales","status":"publish","type":"page","link":"https:\/\/aerofocale.com\/index.php\/mentions-legales\/","title":{"rendered":"Mentions l\u00e9gales"},"content":{"rendered":"\t\t<div data-elementor-type=\"wp-page\" data-elementor-id=\"29\" class=\"elementor elementor-29\">\n\t\t\t\t\t\t<section class=\"elementor-section elementor-top-section elementor-element elementor-element-df1c00c elementor-section-boxed elementor-section-height-default elementor-section-height-default\" data-id=\"df1c00c\" data-element_type=\"section\">\n\t\t\t\t\t\t<div class=\"elementor-container elementor-column-gap-default\">\n\t\t\t\t\t<div class=\"elementor-column elementor-col-100 elementor-top-column elementor-element elementor-element-55e283b\" data-id=\"55e283b\" data-element_type=\"column\">\n\t\t\t<div class=\"elementor-widget-wrap elementor-element-populated\">\n\t\t\t\t\t\t<div class=\"elementor-element elementor-element-68dc8e4 elementor-widget elementor-widget-text-editor\" data-id=\"68dc8e4\" data-element_type=\"widget\" data-widget_type=\"text-editor.default\">\n\t\t\t\t<div class=\"elementor-widget-container\">\n\t\t\t<style>\/*! elementor - v3.21.0 - 26-05-2024 *\/\n.elementor-widget-text-editor.elementor-drop-cap-view-stacked .elementor-drop-cap{background-color:#69727d;color:#fff}.elementor-widget-text-editor.elementor-drop-cap-view-framed .elementor-drop-cap{color:#69727d;border:3px solid;background-color:transparent}.elementor-widget-text-editor:not(.elementor-drop-cap-view-default) .elementor-drop-cap{margin-top:8px}.elementor-widget-text-editor:not(.elementor-drop-cap-view-default) .elementor-drop-cap-letter{width:1em;height:1em}.elementor-widget-text-editor .elementor-drop-cap{float:left;text-align:center;line-height:1;font-size:50px}.elementor-widget-text-editor .elementor-drop-cap-letter{display:inline-block}<\/style>\t\t\t\t<p><\/p>\n<p><\/p><main><p><\/p>\n<div>\n<h1>Mentions l\u00e9gales<\/h1>\n<div>\n<h5><br><\/h5>\n<h5>Editeur du site internet<br><\/h5>\n<div>\n<p>Le site https:\/\/aerofocale.com est \u00e9dit\u00e9 par la soci\u00e9t\u00e9 AEROFOCALE.<\/p>\n<\/div>\n<h5>Responsable de la publication<br><\/h5>\n<div>\n<p>Christophe SAGETTE<\/p>\n<\/div>\n<div>\n<p><strong><br><\/strong><\/p>\n<p><strong>Si\u00e8ge social<\/strong><br><\/p>\n<p>Adresse : AEROFOCALE &#8211; 2 route des biches &#8211; 44130 BLAIN<\/p>\n<p>T\u00e9l. : 07 87 57 00 08<\/p>\n<p>SIRET : 949947 477 00012<\/p>\n<p><\/p>\n<\/div>\n<div>\n<p><strong><br><\/strong><\/p>\n<p><strong>H\u00e9bergement<\/strong><\/p>\n<p><span lang=\"fr\">Le site <\/span>https:\/\/aerofocale.com <span lang=\"fr\">est h\u00e9berg\u00e9 par <b>HOSTINGER<\/b>, dont le si\u00e8ge social est situ\u00e9 <b>HOSTINGER<\/b> INTERNATIONAL LTD, 61 Lordou Vironos Street, 6023 Larnaca, Chypre, joignable par le moyen suivant :https:\/\/www.<b>hostinger<\/b>.fr\/contact.<\/span><\/p>\n<\/div>\n<div>\n<p><strong><br><\/strong><\/p>\n<p><strong>Cr\u00e9dits Photos<\/strong><br><\/p>\n<p>La structure g\u00e9n\u00e9rale, ainsi que les textes, photos, images composant ce<br>site sont la propri\u00e9t\u00e9 de son cr\u00e9ateur. Toute reproduction, totale ou<br>partielle, de ce site ou d\u2019un ou de plusieurs de ses composants, par<br>quelque proc\u00e9d\u00e9 que ce soit, sans autorisation expresse de son cr\u00e9ateur,<br>est interdite, et constituerait une contrefa\u00e7on sanctionn\u00e9e par les<br>articles L.335-2 et suivants du Code de la propri\u00e9t\u00e9 intellectuelle.<\/p>\n<p>Les informations, pictogrammes, photographies, images, textes,<br>s\u00e9quences vid\u00e9o, anim\u00e9es sonores ou non, et autres documents accessibles<br>sur le pr\u00e9sent site Internet sont objets de droits de propri\u00e9t\u00e9<br>industrielle et\/ou intellectuelle et sont selon les cas, propri\u00e9t\u00e9 du<br>cr\u00e9ateur ou de tiers ayant autoris\u00e9 limitativement le cr\u00e9ateur, \u00e0 les<br>utiliser.<\/p>\n<p>A ce titre, toute reproduction, repr\u00e9sentation, adaptation,<br>traduction et\/ou transformation, partielle ou int\u00e9grale, ou transfert<br>sur un autre site sont interdits. La copie \u00e0 usage priv\u00e9 de ces<br>diff\u00e9rents objets de droits est autoris\u00e9e. Leur reproduction partielle<br>ou int\u00e9grale, sans l\u2019accord pr\u00e9alable et \u00e9crit du cr\u00e9ateur, est<br>strictement interdit.<\/p>\n<\/div>\n<\/div>\n<\/div>\n<p><\/p><\/main><p><\/p>\t\t\t\t\t\t<\/div>\n\t\t\t\t<\/div>\n\t\t\t\t\t<\/div>\n\t\t<\/div>\n\t\t\t\t\t<\/div>\n\t\t<\/section>\n\t\t\t\t<\/div>\n\t\t","protected":false},"excerpt":{"rendered":"<p>Mentions l\u00e9gales Editeur du site internet Le site https:\/\/aerofocale.com est \u00e9dit\u00e9 par la soci\u00e9t\u00e9 AEROFOCALE. Responsable de la publication Christophe SAGETTE Si\u00e8ge social Adresse : AEROFOCALE &#8211; 2 route des biches &#8211; 44130 BLAIN T\u00e9l. : 07 87 57 00 08 SIRET : 949947 477 00012 H\u00e9bergement Le site https:\/\/aerofocale.com est h\u00e9berg\u00e9 par HOSTINGER, dont [&hellip;]<\/p>\n","protected":false},"author":1,"featured_media":0,"parent":0,"menu_order":0,"comment_status":"closed","ping_status":"closed","template":"","meta":{"om_disable_all_campaigns":false,"_monsterinsights_skip_tracking":false,"_monsterinsights_sitenote_active":false,"_monsterinsights_sitenote_note":"","_monsterinsights_sitenote_category":0,"footnotes":""},"class_list":["post-29","page","type-page","status-publish","hentry"],"aioseo_notices":[],"yoast_head":"<!-- This site is optimized with the Yoast SEO plugin v22.8 - https:\/\/yoast.com\/wordpress\/plugins\/seo\/ -->\n<title>Mentions l\u00e9gales - AEROFOCALE<\/title>\n<meta name=\"robots\" content=\"index, follow, max-snippet:-1, max-image-preview:large, max-video-preview:-1\" \/>\n<link rel=\"canonical\" href=\"https:\/\/aerofocale.com\/index.php\/mentions-legales\/\" \/>\n<meta property=\"og:locale\" content=\"fr_FR\" \/>\n<meta property=\"og:type\" content=\"article\" \/>\n<meta property=\"og:title\" content=\"Mentions l\u00e9gales - AEROFOCALE\" \/>\n<meta property=\"og:description\" content=\"Mentions l\u00e9gales Editeur du site internet Le site https:\/\/aerofocale.com est \u00e9dit\u00e9 par la soci\u00e9t\u00e9 AEROFOCALE. Responsable de la publication Christophe SAGETTE Si\u00e8ge social Adresse : AEROFOCALE &#8211; 2 route des biches &#8211; 44130 BLAIN T\u00e9l. : 07 87 57 00 08 SIRET : 949947 477 00012 H\u00e9bergement Le site https:\/\/aerofocale.com est h\u00e9berg\u00e9 par HOSTINGER, dont [&hellip;]\" \/>\n<meta property=\"og:url\" content=\"https:\/\/aerofocale.com\/index.php\/mentions-legales\/\" \/>\n<meta property=\"og:site_name\" content=\"AEROFOCALE\" \/>\n<meta property=\"article:modified_time\" content=\"2023-05-07T14:32:50+00:00\" \/>\n<meta name=\"twitter:card\" content=\"summary_large_image\" \/>\n<meta name=\"twitter:label1\" content=\"Dur\u00e9e de lecture estim\u00e9e\" \/>\n\t<meta name=\"twitter:data1\" content=\"1 minute\" \/>\n<script type=\"application\/ld+json\" class=\"yoast-schema-graph\">{\"@context\":\"https:\/\/schema.org\",\"@graph\":[{\"@type\":\"WebPage\",\"@id\":\"https:\/\/aerofocale.com\/index.php\/mentions-legales\/\",\"url\":\"https:\/\/aerofocale.com\/index.php\/mentions-legales\/\",\"name\":\"Mentions l\u00e9gales - AEROFOCALE\",\"isPartOf\":{\"@id\":\"https:\/\/aerofocale.com\/#website\"},\"datePublished\":\"2022-12-04T17:42:10+00:00\",\"dateModified\":\"2023-05-07T14:32:50+00:00\",\"breadcrumb\":{\"@id\":\"https:\/\/aerofocale.com\/index.php\/mentions-legales\/#breadcrumb\"},\"inLanguage\":\"fr-FR\",\"potentialAction\":[{\"@type\":\"ReadAction\",\"target\":[\"https:\/\/aerofocale.com\/index.php\/mentions-legales\/\"]}]},{\"@type\":\"BreadcrumbList\",\"@id\":\"https:\/\/aerofocale.com\/index.php\/mentions-legales\/#breadcrumb\",\"itemListElement\":[{\"@type\":\"ListItem\",\"position\":1,\"name\":\"Accueil\",\"item\":\"https:\/\/aerofocale.com\/index.php\/https-aerofocale-com\/\"},{\"@type\":\"ListItem\",\"position\":2,\"name\":\"Mentions l\u00e9gales\"}]},{\"@type\":\"WebSite\",\"@id\":\"https:\/\/aerofocale.com\/#website\",\"url\":\"https:\/\/aerofocale.com\/\",\"name\":\"AEROFOCALE\",\"description\":\"L&#039;image au coeur de vos projets\",\"publisher\":{\"@id\":\"https:\/\/aerofocale.com\/#organization\"},\"potentialAction\":[{\"@type\":\"SearchAction\",\"target\":{\"@type\":\"EntryPoint\",\"urlTemplate\":\"https:\/\/aerofocale.com\/?s={search_term_string}\"},\"query-input\":\"required name=search_term_string\"}],\"inLanguage\":\"fr-FR\"},{\"@type\":\"Organization\",\"@id\":\"https:\/\/aerofocale.com\/#organization\",\"name\":\"AEROFOCALE\",\"url\":\"https:\/\/aerofocale.com\/\",\"logo\":{\"@type\":\"ImageObject\",\"inLanguage\":\"fr-FR\",\"@id\":\"https:\/\/aerofocale.com\/#\/schema\/logo\/image\/\",\"url\":\"https:\/\/aerofocale.com\/wp-content\/uploads\/2022\/12\/Logo-complet-AEROFOCALE-sans-cadre-V1.jpg\",\"contentUrl\":\"https:\/\/aerofocale.com\/wp-content\/uploads\/2022\/12\/Logo-complet-AEROFOCALE-sans-cadre-V1.jpg\",\"width\":1218,\"height\":845,\"caption\":\"AEROFOCALE\"},\"image\":{\"@id\":\"https:\/\/aerofocale.com\/#\/schema\/logo\/image\/\"}}]}<\/script>\n<!-- \/ Yoast SEO plugin. -->","yoast_head_json":{"title":"Mentions l\u00e9gales - AEROFOCALE","robots":{"index":"index","follow":"follow","max-snippet":"max-snippet:-1","max-image-preview":"max-image-preview:large","max-video-preview":"max-video-preview:-1"},"canonical":"https:\/\/aerofocale.com\/index.php\/mentions-legales\/","og_locale":"fr_FR","og_type":"article","og_title":"Mentions l\u00e9gales - AEROFOCALE","og_description":"Mentions l\u00e9gales Editeur du site internet Le site https:\/\/aerofocale.com est \u00e9dit\u00e9 par la soci\u00e9t\u00e9 AEROFOCALE. Responsable de la publication Christophe SAGETTE Si\u00e8ge social Adresse : AEROFOCALE &#8211; 2 route des biches &#8211; 44130 BLAIN T\u00e9l. : 07 87 57 00 08 SIRET : 949947 477 00012 H\u00e9bergement Le site https:\/\/aerofocale.com est h\u00e9berg\u00e9 par HOSTINGER, dont [&hellip;]","og_url":"https:\/\/aerofocale.com\/index.php\/mentions-legales\/","og_site_name":"AEROFOCALE","article_modified_time":"2023-05-07T14:32:50+00:00","twitter_card":"summary_large_image","twitter_misc":{"Dur\u00e9e de lecture estim\u00e9e":"1 minute"},"schema":{"@context":"https:\/\/schema.org","@graph":[{"@type":"WebPage","@id":"https:\/\/aerofocale.com\/index.php\/mentions-legales\/","url":"https:\/\/aerofocale.com\/index.php\/mentions-legales\/","name":"Mentions l\u00e9gales - AEROFOCALE","isPartOf":{"@id":"https:\/\/aerofocale.com\/#website"},"datePublished":"2022-12-04T17:42:10+00:00","dateModified":"2023-05-07T14:32:50+00:00","breadcrumb":{"@id":"https:\/\/aerofocale.com\/index.php\/mentions-legales\/#breadcrumb"},"inLanguage":"fr-FR","potentialAction":[{"@type":"ReadAction","target":["https:\/\/aerofocale.com\/index.php\/mentions-legales\/"]}]},{"@type":"BreadcrumbList","@id":"https:\/\/aerofocale.com\/index.php\/mentions-legales\/#breadcrumb","itemListElement":[{"@type":"ListItem","position":1,"name":"Accueil","item":"https:\/\/aerofocale.com\/index.php\/https-aerofocale-com\/"},{"@type":"ListItem","position":2,"name":"Mentions l\u00e9gales"}]},{"@type":"WebSite","@id":"https:\/\/aerofocale.com\/#website","url":"https:\/\/aerofocale.com\/","name":"AEROFOCALE","description":"L&#039;image au coeur de vos projets","publisher":{"@id":"https:\/\/aerofocale.com\/#organization"},"potentialAction":[{"@type":"SearchAction","target":{"@type":"EntryPoint","urlTemplate":"https:\/\/aerofocale.com\/?s={search_term_string}"},"query-input":"required name=search_term_string"}],"inLanguage":"fr-FR"},{"@type":"Organization","@id":"https:\/\/aerofocale.com\/#organization","name":"AEROFOCALE","url":"https:\/\/aerofocale.com\/","logo":{"@type":"ImageObject","inLanguage":"fr-FR","@id":"https:\/\/aerofocale.com\/#\/schema\/logo\/image\/","url":"https:\/\/aerofocale.com\/wp-content\/uploads\/2022\/12\/Logo-complet-AEROFOCALE-sans-cadre-V1.jpg","contentUrl":"https:\/\/aerofocale.com\/wp-content\/uploads\/2022\/12\/Logo-complet-AEROFOCALE-sans-cadre-V1.jpg","width":1218,"height":845,"caption":"AEROFOCALE"},"image":{"@id":"https:\/\/aerofocale.com\/#\/schema\/logo\/image\/"}}]}},"_links":{"self":[{"href":"https:\/\/aerofocale.com\/index.php\/wp-json\/wp\/v2\/pages\/29","targetHints":{"allow":["GET"]}}],"collection":[{"href":"https:\/\/aerofocale.com\/index.php\/wp-json\/wp\/v2\/pages"}],"about":[{"href":"https:\/\/aerofocale.com\/index.php\/wp-json\/wp\/v2\/types\/page"}],"author":[{"embeddable":true,"href":"https:\/\/aerofocale.com\/index.php\/wp-json\/wp\/v2\/users\/1"}],"replies":[{"embeddable":true,"href":"https:\/\/aerofocale.com\/index.php\/wp-json\/wp\/v2\/comments?post=29"}],"version-history":[{"count":7,"href":"https:\/\/aerofocale.com\/index.php\/wp-json\/wp\/v2\/pages\/29\/revisions"}],"predecessor-version":[{"id":367,"href":"https:\/\/aerofocale.com\/index.php\/wp-json\/wp\/v2\/pages\/29\/revisions\/367"}],"wp:attachment":[{"href":"https:\/\/aerofocale.com\/index.php\/wp-json\/wp\/v2\/media?parent=29"}],"curies":[{"name":"wp","href":"https:\/\/api.w.org\/{rel}","templated":true}]}}

Mentions légales

<div data-elementor-type="wp-page" data-elementor-id="29" class="elementor elementor-29">
						<section class="elementor-section elementor-top-section elementor-element elementor-element-df1c00c elementor-section-boxed elementor-section-height-default elementor-section-height-default" data-id="df1c00c" data-element_type="section">
						<div class="elementor-container elementor-column-gap-default">
					<div class="elementor-column elementor-col-100 elementor-top-column elementor-element elementor-element-55e283b" data-id="55e283b" data-element_type="column">
			<div class="elementor-widget-wrap elementor-element-populated">
						<div class="elementor-element elementor-element-68dc8e4 elementor-widget elementor-widget-text-editor" data-id="68dc8e4" data-element_type="widget" data-widget_type="text-editor.default">
				<div class="elementor-widget-container">
			<style>/*! elementor - v3.21.0 - 26-05-2024 */
.elementor-widget-text-editor.elementor-drop-cap-view-stacked .elementor-drop-cap{background-color:#69727d;color:#fff}.elementor-widget-text-editor.elementor-drop-cap-view-framed .elementor-drop-cap{color:#69727d;border:3px solid;background-color:transparent}.elementor-widget-text-editor:not(.elementor-drop-cap-view-default) .elementor-drop-cap{margin-top:8px}.elementor-widget-text-editor:not(.elementor-drop-cap-view-default) .elementor-drop-cap-letter{width:1em;height:1em}.elementor-widget-text-editor .elementor-drop-cap{float:left;text-align:center;line-height:1;font-size:50px}.elementor-widget-text-editor .elementor-drop-cap-letter{display:inline-block}</style>				<p></p>
<p></p><main><p></p>
<div>
<h1>Mentions légales</h1>
<div>
<h5><br></h5>
<h5>Editeur du site internet<br></h5>
<div>
<p>Le site https://aerofocale.com est édité par la société AEROFOCALE.</p>
</div>
<h5>Responsable de la publication<br></h5>
<div>
<p>Christophe SAGETTE</p>
</div>
<div>
<p><strong><br></strong></p>
<p><strong>Siège social</strong><br></p>
<p>Adresse : AEROFOCALE &#8211; 2 route des biches &#8211; 44130 BLAIN</p>
<p>Tél. : 07 87 57 00 08</p>
<p>SIRET : 949947 477 00012</p>
<p></p>
</div>
<div>
<p><strong><br></strong></p>
<p><strong>Hébergement</strong></p>
<p><span lang="fr">Le site </span>https://aerofocale.com <span lang="fr">est hébergé par <b>HOSTINGER</b>, dont le siège social est situé <b>HOSTINGER</b> INTERNATIONAL LTD, 61 Lordou Vironos Street, 6023 Larnaca, Chypre, joignable par le moyen suivant :https://www.<b>hostinger</b>.fr/contact.</span></p>
</div>
<div>
<p><strong><br></strong></p>
<p><strong>Crédits Photos</strong><br></p>
<p>La structure générale, ainsi que les textes, photos, images composant ce<br>site sont la propriété de son créateur. Toute reproduction, totale ou<br>partielle, de ce site ou d’un ou de plusieurs de ses composants, par<br>quelque procédé que ce soit, sans autorisation expresse de son créateur,<br>est interdite, et constituerait une contrefaçon sanctionnée par les<br>articles L.335-2 et suivants du Code de la propriété intellectuelle.</p>
<p>Les informations, pictogrammes, photographies, images, textes,<br>séquences vidéo, animées sonores ou non, et autres documents accessibles<br>sur le présent site Internet sont objets de droits de propriété<br>industrielle et/ou intellectuelle et sont selon les cas, propriété du<br>créateur ou de tiers ayant autorisé limitativement le créateur, à les<br>utiliser.</p>
<p>A ce titre, toute reproduction, représentation, adaptation,<br>traduction et/ou transformation, partielle ou intégrale, ou transfert<br>sur un autre site sont interdits. La copie à usage privé de ces<br>différents objets de droits est autorisée. Leur reproduction partielle<br>ou intégrale, sans l’accord préalable et écrit du créateur, est<br>strictement interdit.</p>
</div>
</div>
</div>
<p></p></main><p></p>						</div>
				</div>
					</div>
		</div>
					</div>
		</section>
				</div>

<p>Mentions légales Editeur du site internet Le site https://aerofocale.com est édité par la société AEROFOCALE. Responsable de la publication Christophe SAGETTE Siège social Adresse : AEROFOCALE &#8211; 2 route des biches &#8211; 44130 BLAIN Tél. : 07 87 57 00 08 SIRET : 949947 477 00012 Hébergement Le site https://aerofocale.com est hébergé par HOSTINGER, dont [&hellip;]</p>

<!-- This site is optimized with the Yoast SEO plugin v22.8 - https://yoast.com/wordpress/plugins/seo/ -->
<title>Mentions légales - AEROFOCALE</title>
<meta name="robots" content="index, follow, max-snippet:-1, max-image-preview:large, max-video-preview:-1" />
<link rel="canonical" href="https://aerofocale.com/index.php/mentions-legales/" />
<meta property="og:locale" content="fr_FR" />
<meta property="og:type" content="article" />
<meta property="og:title" content="Mentions légales - AEROFOCALE" />
<meta property="og:description" content="Mentions légales Editeur du site internet Le site https://aerofocale.com est édité par la société AEROFOCALE. Responsable de la publication Christophe SAGETTE Siège social Adresse : AEROFOCALE &#8211; 2 route des biches &#8211; 44130 BLAIN Tél. : 07 87 57 00 08 SIRET : 949947 477 00012 Hébergement Le site https://aerofocale.com est hébergé par HOSTINGER, dont [&hellip;]" />
<meta property="og:url" content="https://aerofocale.com/index.php/mentions-legales/" />
<meta property="og:site_name" content="AEROFOCALE" />
<meta property="article:modified_time" content="2023-05-07T14:32:50+00:00" />
<meta name="twitter:card" content="summary_large_image" />
<meta name="twitter:label1" content="Durée de lecture estimée" />
	<meta name="twitter:data1" content="1 minute" />
<script type="application/ld+json" class="yoast-schema-graph">{"@context":"https://schema.org","@graph":[{"@type":"WebPage","@id":"https://aerofocale.com/index.php/mentions-legales/","url":"https://aerofocale.com/index.php/mentions-legales/","name":"Mentions légales - AEROFOCALE","isPartOf":{"@id":"https://aerofocale.com/#website"},"datePublished":"2022-12-04T17:42:10+00:00","dateModified":"2023-05-07T14:32:50+00:00","breadcrumb":{"@id":"https://aerofocale.com/index.php/mentions-legales/#breadcrumb"},"inLanguage":"fr-FR","potentialAction":[{"@type":"ReadAction","target":["https://aerofocale.com/index.php/mentions-legales/"]}]},{"@type":"BreadcrumbList","@id":"https://aerofocale.com/index.php/mentions-legales/#breadcrumb","itemListElement":[{"@type":"ListItem","position":1,"name":"Accueil","item":"https://aerofocale.com/index.php/https-aerofocale-com/"},{"@type":"ListItem","position":2,"name":"Mentions légales"}]},{"@type":"WebSite","@id":"https://aerofocale.com/#website","url":"https://aerofocale.com/","name":"AEROFOCALE","description":"L&#039;image au coeur de vos projets","publisher":{"@id":"https://aerofocale.com/#organization"},"potentialAction":[{"@type":"SearchAction","target":{"@type":"EntryPoint","urlTemplate":"https://aerofocale.com/?s={search_term_string}"},"query-input":"required name=search_term_string"}],"inLanguage":"fr-FR"},{"@type":"Organization","@id":"https://aerofocale.com/#organization","name":"AEROFOCALE","url":"https://aerofocale.com/","logo":{"@type":"ImageObject","inLanguage":"fr-FR","@id":"https://aerofocale.com/#/schema/logo/image/","url":"https://aerofocale.com/wp-content/uploads/2022/12/Logo-complet-AEROFOCALE-sans-cadre-V1.jpg","contentUrl":"https://aerofocale.com/wp-content/uploads/2022/12/Logo-complet-AEROFOCALE-sans-cadre-V1.jpg","width":1218,"height":845,"caption":"AEROFOCALE"},"image":{"@id":"https://aerofocale.com/#/schema/logo/image/"}}]}</script>
<!-- / Yoast SEO plugin. -->

Mentions légales - AEROFOCALE

Mentions légales Editeur du site internet Le site https://aerofocale.com est édité par la société AEROFOCALE. Responsable de la publication Christophe SAGETTE Siège social Adresse : AEROFOCALE &#8211; 2 route des biches &#8211; 44130 BLAIN Tél. : 07 87 57 00 08 SIRET : 949947 477 00012 Hébergement Le site https://aerofocale.com est hébergé par HOSTINGER, dont [&hellip;]
